inder when 311 is divided by 3?
2
What is the remainder when 33 is divided by 4?
1
What is the remainder when 13223 is divided by 24?
23
Calculate the remainder when 1556 is divided by 41.
39
Calculate the remainder when 205 is divided by 42.
37
What is the remainder when 224 is divided by 56?
0
Calculate the remainder when 1739 is divided by 29.
28
Calculate the remainder when 1625 is divided by 22.
19
Calculate the remainder when 23 is divided by 17.
6
What is the remainder when 767 is divided by 11?
8
What is the remainder when 9 is divided by 2?
1
What is the remainder when 120 is divided by 69?
51
What is the remainder when 108 is divided by 11?
9
Calculate the remainder when 698 is divided by 14.
12
What is the remainder when 4378 is divided by 1456?
10
Calculate the remainder when 1393 is divided by 99.
7
Calculate the remainder when 7289 is divided by 20.
9
Calculate the remainder when 220 is divided by 111.
109
What is the remainder when 633 is divided by 627?
6
What is the remainder when 452 is divided by 21?
11
Calculate the remainder when 910 is divided by 437.
36
What is the remainder when 96 is divided by 27?
15
What is the remainder when 337 is divided by 68?
65
What is the remainder when 74 is divided by 9?
2
Calculate the remainder when 178 is divided by 54.
16
Calculate the remainder when 601 is divided by 96.
25
Calculate the remainder when 65 is divided by 36.
29
Calculate the remainder when 1563 is divided by 16.
11
Calculate the remainder when 316 is divided by 300.
16
Calculate the remainder when 936 is divided by 193.
164
What is the remainder when 827 is divided by 207?
206
Calculate the remainder when 2539 is divided by 31.
28
What is the remainder when 413 is divided by 8?
5
Calculate the remainder when 122 is divided by 25.
22
Calculate the remainder when 196 is divided by 95.
6
Calculate the remainder when 8704 is divided by 31.
24
What is the remainder when 1269 is divided by 11?
4
What is the remainder when 2200 is divided by 102?
58
What is the remainder when 364 is divided by 49?
21
Calculate the remainder when 5288 is divided by 11.
8
Calculate the remainder when 208 is divided by 106.
102
What is the remainder when 85 is divided by 11?
8
Calculate the remainder when 4087 is divided by 681.
1
Calculate the remainder when 2407 is divided by 55.
42
Calculate the remainder when 192 is divided by 11.
5
Calculate the remainder when 354 is divided by 56.
18
What is the remainder when 435 is divided by 93?
63
What is the remainder when 279 is divided by 13?
6
What is the remainder when 431 is divided by 29?
25
Calculate the remainder when 1444 is divided by 474.
22
Calculate the remainder when 735 is divided by 16.
15
Calculate the remainder when 1095 is divided by 182.
3
Calculate the remainder when 565 is divided by 135.
25
Calculate the remainder when 1693 is divided by 331.
38
What is the remainder when 26 is divided by 6?
2
What is the remainder when 216 is divided by 108?
0
What is the remainder when 16339 is divided by 95?
94
What is the remainder when 13200 is divided by 27?
24
Calculate the remainder when 96 is divided by 4.
0
What is the remainder when 33957 is divided by 29?
27
What is the remainder when 186 is divided by 19?
15
Calculate the remainder when 816 is divided by 9.
6
What is the remainder when 1099 is divided by 365?
4
Calculate the remainder when 1307 is divided by 32.
27
Calculate the remainder when 136 is divided by 14.
10
Calculate the remainder when 6997 is divided by 18.
13
Calculate the remainder when 56150 is divided by 21.
17
What is the remainder when 298 is divided by 59?
3
What is the remainder when 115 is divided by 31?
22
Calculate the remainder when 856 is divided by 61.
2
Calculate the remainder when 378 is divided by 95.
93
What is the remainder when 207 is divided by 27?
18
Calculate the remainder when 403 is divided by 19.
4
Calculate the remainder when 90 is divided by 35.
20
Calculate the remainder when 3535 is divided by 13.
12
What is the remainder when 427 is divided by 23?
13
Calculate the remainder when 2573 is divided by 33.
32
Calculate the remainder when 243 is divided by 49.
47
What is the remainder when 1080 is divided by 121?
112
Calculate the remainder when 230 is divided by 94.
42
Calculate the remainder when 419 is divided by 35.
34
Calculate the remainder when 231 is divided by 49.
35
Calculate the remainder when 1282 is divided by 320.
2
Calculate the remainder when 2037 is divided by 120.
117
What is the remainder when 133 is divided by 29?
17
Calculate the remainder when 812 is divided by 12.
8
What is the remainder when 3016 is divided by 42?
34
What is the remainder when 495 is divided by 83?
80
Calculate the remainder when 398 is divided by 386.
12
What is the remainder when 557 is divided by 62?
61
What is the remainder when 1588 is divided by 50?
38
What is the remainder when 757 is divided by 40?
37
What is the remainder when 66 is divided by 38?
28
Calculate the remainder when 2934 is divided by 245.
239
Calculate the remainder when 737 is divided by 18.
17
What is the remainder when 1681 is divided by 17?
15
Calculate the remainder when 75 is divided by 54.
21
Calculate the remainder when 2020 is divided by 88.
84
What is the remainder when 236 is divided by 202?
34
What is the remainder when 4928 is divided by 31?
30
What is the remainder when 384 is divided by 43?
40
Calculate the remainder when 255 is divided by 32.
31
Calculate the remainder when 51 is divided by 27.
24
What is the remainder when 88 is divided by 32?
24
What is the remainder when 335 is divided by 17?
12
Calculate the remainder when 108 is divided by 18.
0
Calculate the remainder when 755 is divided by 126.
125
What is the remainder when 421 is divided by 71?
66
Calculate the remainder when 3314 is divided by 79.
75
Calculate the remainder when 4028 is divided by 10.
8
Calculate the remainder when 468 is divided by 83.
53
Calculate the remainder when 136 is divided by 46.
44
What is the remainder when 271 is divided by 91?
89
Calculate the remainder when 475 is divided by 72.
43
Calculate the remainder when 25859 is divided by 193.
190
What is the remainder when 298 is divided by 8?
2
Calculate the remainder when 1452 is divided by 208.
204
Calculate the remainder when 82 is divided by 81.
1
Calculate the remainder when 207 is divided by 11.
9
What is the remainder when 144 is divided by 37?
33
Calculate the remainder when 842 is divided by 70.
2
Calculate the remainder when 584 is divided by 18.
8
Calculate the remainder when 12684 is divided by 59.
58
What is the remainder when 59 is divided by 13?
7
Calculate the remainder when 266 is divided by 71.
53
Calculate the remainder when 256 is divided by 18.
4
Calculate the remainder when 1039 is divided by 179.
144
Calculate the remainder when 748 is divided by 34.
0
What is the remainder when 3904 is divided by 31?
29
What is the remainder when 114 is divided by 8?
2
What is the remainder when 185 is divided by 17?
15
Calculate the remainder when 1023 is divided by 25.
23
Calculate the remainder when 388 is divided by 30.
28
Calculate the remainder when 370 is divided by 47.
41
What is the remainder when 1758 is divided by 31?
22
What is the remainder when 309 is divided by 31?
30
Calculate the remainder when 401 is divided by 135.
131
What is the remainder when 3214 is divided by 115?
109
What is the remainder when 49 is divided by 25?
24
What is the remainder when 742 is divided by 292?
158
Calculate the remainder when 1523 is divided by 12.
11
What is the remainder when 839 is divided by 30?
29
What is the remainder when 138 is divided by 114?
24
What is the remainder when 201 is divided by 17?
14
What is the remainder when 147 is divided by 25?
22
Calculate the remainder when 518 is divided by 18.
14
Calculate the remainder when 1378 is divided by 225.
28
Calculate the remainder when 111 is divided by 14.
13
Calculate the remainder when 376 is divided by 4.
0
What is the remainder when 155 is divided by 50?
5
What is the remainder when 418 is divided by 85?
78
Calculate the remainder when 290 is divided by 45.
20
Calculate the remainder when 133 is divided by 33.
1
Calculate the remainder when 9518 is divided by 56.
54